4 - 15. Give l(a).
12
Suppose -255*u = -256*u. Let b(f) be the third derivative of -4*f**2 + u*f + 5/24*f**4 + 1/2*f**3 + 0. What is b(-2)?
-7
Let s(d) = -d**3 - 8*d**2 - 9*d - 14. Suppose 10*x - 2*x + 56 = 0. Give s(x).
0
Let z(c) = -8*c**3 - c**2 + 1. Let n be -4*(-8)/32*(2 + 0). Let v be 7/((-140)/(-24)) - n/10. Calculate z(v).
-8
Let d = -97 + 137. Suppose 32 + 0 = 4*q. Suppose 3*b + 4*f = d, 5*b - 64 + q = -4*f. Let k(t) = -t**3 + 8*t**2 + t - 7. What is k(b)?
1
Let f(j) = -j**2 - j. Let o be f(-1). Let i(p) = 198*p + o*p**3 - 2*p**2 - 201*p - p**3. What is i(-2)?
6
Let a(o) = 25*o - 4. Let c(x) = 53*x - 7. Let l(p) = 5*a(p) - 3*c(p). Determine l(1).
-33
Let y(k) = -k + 7. Suppose 2*d + 2*b - 3*b - 23 = 0, -36 = -3*d + 2*b. What is y(d)?
-3
Let u(o) = -2*o**2 - 19*o - 21. Let t = 251 - 259. Give u(t).
3
Let o(f) = -4*f + 2. Let h be 6/(-8)*(-65 - -69). What is o(h)?
14
Let q(v) = -v**3 - v**2 + 7*v + 10. Let j be 8 + -1 + (70 - 75) - 5. What is q(j)?
7
Let f(u) be the second derivative of -u**4/12 + u**3/2 - 2*u**2 - 3*u. Let k be 1/(((-17)/(-272))/((-4)/(-16))). Calculate f(k).
-8
Let l(y) = -387 - 399 - y + 3*y + 802. What is l(0)?
16
Let b(l) = -9*l - 17. Let d(o) = -4*o - 9. Let z(i) = 9*i**2 - 4*i + 2. Let n be z(1). Let p(r) = n*d(r) - 3*b(r). Calculate p(-5).
-7
Let r be 0/2*(-5)/(-10)*-2. Let s(h) = -h + 3. Calculate s(r).
3
Suppose 3*x + 2 = -y + 4*x, 2*x = 0. Let b(j) be the first derivative of 7 - 3/2*j**2 + j. Calculate b(y).
7
Let i(h) = -82*h + 30*h + 0 + 28*h - 1 + 22*h. Calculate i(-6).
11
Let y(f) = 147*f**3 - 10 - 3*f**2 - f**2 - 148*f**3 + 10*f + 0. Let a be y(-6). Let m(k) = -2*k**2 + 2*k - 3. Give m(a).
-7
Suppose -4*a + s = 3*s - 18, -5*s + 17 = 3*a. Let w(n) be the first derivative of -1 + a*n - 1/2*n**2. Determine w(5).
-1
Let q(h) = h**2 + 7*h + 2. Let c be q(-5). Let j be c/24 - (-1)/3. Let o(v) = j*v**2 + 6*v + v + 6*v**2 + 1 - v**3. What is o(7)?
1
Suppose -q - 16 = -5*q. Suppose -s - q = -0*s. Let w(j) = 11*j + 1 - 22*j + 13*j. What is w(s)?
-7
Let m(x) = x**3 + 2*x - 5*x**2 - 105 + 223 - 114 + 0*x. Determine m(3).
-8
Let s(x) = -67*x + 2 - 65*x + 133*x. Let h(u) = 2*u + 11. Let l be h(-8). Give s(l).
-3
Let p(i) be the second derivative of -39*i + 7/6*i**3 - 1/6*i**4 - 3*i**2 + 0. Give p(5).
-21
Suppose -4*s = 3*z - 56, -3*s + 2*z - 52 = -7*s. Let j(b) = -2*b - 4*b - 4*b - 13 + s*b. Let a be -1 + 9 - (-1 - -2). Give j(a).
-6
Let q(j) = -6*j + 10*j - 2*j - 7 + 0*j - j**2 + 5*j. Let r(d) = -d + 12. Let o be r(6). Determine q(o).
-1
Let a(s) = -2*s + 9. Let x be a(6). Let z(u) = -u - 1. Let v be z(x). Let f(d) = d + v*d - d**2 + d - 1 + 2*d**2. Determine f(-5).
4
Let k be (-12)/4*(-28)/6. Let o = k + -8. Let f(n) = 13 + o*n + 18 - 34. Calculate f(3).
15
Let u(n) = n**2 - 3. Let l(r) = 3*r**2 + r - 10. Let b(z) = l(z) - 2*u(z). Determine b(-3).
2
Let k(f) = f**3 + 21*f**2 + 7. Suppose -378 = 3*j + 15*j. Calculate k(j).
7
Let y(v) = -v**2 + 8*v - 9. Suppose -83 = -5*q - 58. Calculate y(q).
6
Let m(z) = -z - 22. Let y be (-4 + 2)*(25 - 18). Calculate m(y).
-8
Suppose -3*l - 2 = 19. Let a be (-15 - l)*(-2)/8. Let f(q) = 11*q**a - 4*q - 23*q**2 + 11*q**2 + 1. What is f(-4)?
1
Suppose 23*x - 15*x + 8 = 0. Let t(a) = -3*a. Let z(c) = 4*c. Let r(q) = -6*t(q) - 3*z(q). Give r(x).
-6
Let g(a) = -a**3 + 3*a**2 - 2*a + 6. Let f be g(3). Let x(m) = -3*m**3 + 8 - 27 + 2*m**3. What is x(f)?
-19
Let j = -59 + 99. Let i = -45 + j. Let y(c) = -c**2 - 7*c. Determine y(i).
10
Suppose -3*w + 43 = 40. Let y be (0/(-2))/(1 - 2). Let i(g) = g - 2*g - 6 - w + y*g. Calculate i(-6).
-1
Suppose -15*j - 90 = -15. Let a(g) = -g**3 - 5*g**2 + 2*g - 3. Give a(j).
-13
Let j be 9 + (27 - 45) - (-3 - 1). Let b(z) be the second derivative of -z**3/3 + z. Calculate b(j).
10
Suppose 294 + 111 = -3*z. Let u be z/(-12) - 1/4. Let c = -14 + u. Let v(k) = -k**3 - 4*k**2 - k + 1. What is v(c)?
-5
Suppose -c = 4*c - k - 4, 5*c = -2*k - 8. Let b be 3/(9/21) + c. Let l(f) = -8*f + 7*f + b + 4. Determine l(5).
6
Let o = 8 - 12. Let w = 5 + o. Let y(t) = -200*t + 200*t + 5*t**2 - 1. What is y(w)?
4
Let t(d) be the second derivative of -3*d**5/20 - d**4/3 - d**3/3 + d**2 + 2*d. Let p be (-5 + 10 + -4)*(0 + -2). Give t(p).
14
Let q(w) be the second derivative of -7*w**3/6 + 3*w**2 + 2*w + 6. Give q(4).
-22
Let i = -55209 + 55212. Let b = 4 - 2. Let o(g) = g + 4 + b - 2. Determine o(i).
7
Let a be 2 + 172/18 + 28/63. Let v(t) be the third derivative of 1/24*t**4 + a*t**2 + 0 + 0*t - 4/3*t**3. What is v(9)?
1
Let o(f) = -f**3 + 5*f**2 - f - 7. Suppose c + 2*n - 12 = 0, -11 - 5 = c - 5*n. Let q be o(c). Let x(j) = j**3 - 4*j**2 - 6*j + 5. Give x(q).
0
Let g(c) = 0*c**2 - c**2 + 3 + 2*c**2 - 2*c**2 + 7 + 5*c. What is g(9)?
-26
Suppose -8*b + 112 = -b. Let v(a) = -b*a**2 + 0*a**2 - a**2 + a + 1. Give v(-1).
-17
Let h(x) be the second derivative of x**5/20 - x**4 - 2*x**2 + 15*x - 3. Determine h(12).
-4
Let l(h) = -h + 1. Let s(g) = -g**3 + 5*g**2 - 3*g + 3. Suppose -2*r + c - 17 = 6*c, -3*r + 2*c = -22. Let d be s(r). Suppose -5*v = -d*v - 12. What is l(v)?
7
Let l(n) = -n**2 + 9*n**2 + 16847*n - 16850*n. Determine l(-2).
38
Let o(f) = f**3 - 6*f**2 + 6*f - 5. Let s(x) = -6*x**3 + 30*x**2 - 31*x + 26. Let p = 105 - 116. Let z(y) = p*o(y) - 2*s(y). Calculate z(-6).
27
Let q(h) = -h + 7. Let v be q(6). Let s(o) = -o**3 - o**2 + 1. Let f be s(v). Let u(x) = -x**3 - 2*x**2 - 2*x - 1. Determine u(f).
0
Let v(p) = -18*p - 15. Let g be v(-1). Let z(l) = -l**3 + 5*l**2 - 5*l + 3. Calculate z(g).
6
Suppose 14*f - 6 = 20*f. Let l(u) = -29*u**3 + u. Determine l(f).
28
Let u(q) = -19*q - 264. Let c be u(-14). Let x(k) = -k**3 + 4*k**2 - 4*k - 2. Determine x(c).
-2
Let d(k) = -11*k + 12. Let o be d(0). Suppose 14*j - o*j - 20 = 0. Let p(s) = -s + 3. What is p(j)?
-7
Let n be (-5)/(-5) - (0 + -2). Let y(o) = -4*o - 7 - n*o + 3*o + o. Suppose 20 = -6*u + 2*u. Give y(u).
8
Let t(o) = o**2 + 3*o + 1. Let u(j) = -j**2 - 2*j + 21. Let m be u(0). Suppose m = -5*a - 24. Let h be -8 - a - 4/1. Give t(h).
1
Let a(h) = -9*h + 17. Let q(b) = 4*b - 8. Let m(j) = -3*a(j) - 7*q(j). What is m(1)?
4
Let j(c) = -11 - 11 + c**2 - 14 + 4*c + 23. What is j(-5)?
-8
Let n(t) = -t - 16. Let r be -13 - (-32 - -7)/5. Calculate n(r).
-8
Let t(d) = d - 6. Suppose -3*i - 7 + 33 = q, 0 = 4*i - 2*q - 18. Suppose -y + i*y - 30 = 0. Suppose 5*g + 2*h - 25 = 0, -y*g + 30 = h + 2*h. Determine t(g).
-3
Let a(g) = -23*g + 29*g + 54 - 60. Determine a(4).
18
Suppose -a + 3*j + 12 = 0, -a - 47*j + 51*j = -16. Let f(z) = -z**2 - 3*z + 6. Calculate f(a).
6
Let a = -81 - -80. Let f(r) = -11*r**2 + r. What is f(a)?
-12
Suppose -9*y + 24 = -8*y. Let x(u) = -y*u**2 - 6*u + 4*u + 25*u**2 + 5*u + 4. Give x(-3).
4
Let y(x) = 2*x + 3. Let r be y(-5). Let n(t) = -37*t**3 - 8*t**2 - 7*t + 5. Let w(d) = -18*d**3 - d - 1. Let h(u) = -n(u) + 2*w(u). Determine h(r).
7
Let r be (-3)/17 - 64260/(-10404). Let c(y) be the third derivative of y**4/24 - 5*y**3/6 - y**2. Calculate c(r).
1
Let m(y) = y**2 + y + 3. Let v be m(0). Let f(w) = 2 + v - w - 3*w + 3*w. Let r = -32 + 26. Calculate f(r).
11
Let g(h) = -16*h + 1. Let x(s) = s + 21. Let w be x(-13). Suppose -1 + w = 7*n. Determine g(n).
-15
Suppose 6*y = y + 5*i + 15, 2 = -y - 4*i. Let f = 6 - 4. Let o(g) = y*g + 1 + 3*g**2 + f*g - g**3 - 2*g. Determine o(2).
9
Let z(q) = q**3 + 6*q**2 - 2*q - 6. Let k be 2/4 + 5/10. Suppose -k + 19 = s. Let i = s + -24. Give z(i).
6
Let f = 7 - 1. Let m(z) = -4*z**2 + 11*z - 10. Let d(l) = 5*l**2 - 12*l + 11. Let q(n) = f*m(n) + 5*d(n). Give q(-6).
-5
Suppose -v - 3*v = 0. Let h(y) be the second derivative of y**3/6 - 12*y**2 + 3*y - 10. Calculate h(v).
-24
Let p(j) = -3*j. Let b be p(-1). Let q = 8 - 4. Suppose q*l - 1 = b*l. Let k(h) = 13*h**3 + 1. Give k(l).
14
Let f(a) be the third derivative of -1/6*a**3 + 2*a**2 - 5/24*a**4 + 0 + 0*a. Let v(t) = t**3 - 10*t**2 + 9*t - 1. Let h be v(9). What is f(h)?
4
Let n = 480 - 478. Let x(j) be the third derivative of 0*j - 3*j**n + 1/6*j**3 + 1/12*j**4 + 1/60*j**5 + 0. Calculate x(-2).
1
Let v be 97/(-11) + 9 - (-48)/(-22). Let m(y) be the third derivative of -y**6/120 - y**5/60 + y**4/12 + y**3/2 - 14*y**2. Calculate m(v).
3
Let r(c) = 17*c**3 - 3*c**2 + 4*c + 14. Let m(a) = 20*a**3 - 4*a**2 + 5*a + 1